hat is the highest common divisor of i and 10?
10
Let h(p) = -p + 1. Let c be h(-1). Let r = c - -1. Let d be 1 + (-1 - (-21)/r). Calculate the greatest common divisor of 14 and d.
7
Suppose -3 - 5 = -4*r. Suppose -5*t - 38 - 76 = -2*b, r*t = -4. Suppose b = 3*j + 5*w, 3*w + 40 = j - w. What is the highest common factor of 8 and j?
8
Let z be ((-28)/21)/((-1)/60). Calculate the greatest common divisor of 16 and z.
16
Let u = 9 + -7. Suppose 0 = -a - 2*a + 9. Calculate the greatest common divisor of u and a.
1
Suppose -4*y = -y + 78. Let m be (y/(-2))/((-1)/(-2)). What is the highest common factor of m and 26?
26
Let r be 6/9*3*1. Let k = -4 - -8. Suppose -k*h + 9 = -h. What is the highest common factor of r and h?
1
Let w(q) = q**2 + 13*q - 20. Let x be w(-16). Calculate the greatest common factor of x and 98.
14
Let j(p) = 19*p + 40. Let y be j(6). Calculate the highest common divisor of 14 and y.
14
Let u be 1*(-6 - -174)/2. Calculate the highest common factor of u and 12.
12
Let s(m) = 0*m**3 - 4*m + 2 + 0*m**3 - m**3 + 5*m**2. Let p be s(3). Calculate the greatest common divisor of p and 1.
1
Let a(w) = -17*w**3 + 6*w - 1. Let y(t) = t**3 - t. Let q(p) = -a(p) - 6*y(p). Let s = 1 - 0. Let c be q(s). Calculate the greatest common divisor of 96 and c.
12
Let b = 44 + -66. Let w be (-6)/(-9) + (-282)/(-9). Let g = b + w. What is the greatest common factor of g and 5?
5
Let p = 8 - 4. What is the highest common divisor of p and 44?
4
Let n = -50 + 22. Let f(w) = 8*w. Let d be f(-2). Let v = d - n. Calculate the greatest common factor of 96 and v.
12
Let h(n) = n**3 - 6*n**2 - 4*n - 7. Let p be h(7). What is the highest common divisor of p and 35?
7
Let u(a) = 14*a + 2. Suppose -8 = 2*n - 4*q - 60, 4*q = -16. Let w be -1 + (-7)/((-21)/n). Let f be u(w). What is the highest common factor of f and 9?
9
Suppose 14 = -4*d + 70. Let t be 2 - (-1 + 58)/(-3). Calculate the highest common factor of d and t.
7
Let q = 9 + -7. What is the highest common factor of 12 and q?
2
Suppose 932 = -m + 6*m + 3*w, 3*m = -5*w + 572. Calculate the highest common factor of 23 and m.
23
Let c(p) = p**2 + 6*p - 13. Let l be c(-10). Let k = 49 - l. Calculate the greatest common divisor of 33 and k.
11
Let n = 160 - 28. Suppose -4*w - 2*d + 90 = d, -5*d + 14 = w. Suppose -2*m + w = -0. What is the highest common divisor of m and n?
12
Suppose 3*z = 3*y + y, -2*y + 4*z - 10 = 0. Suppose -4*g = n - 27, -4*n + 2*g + 63 = y*g. What is the highest common factor of n and 15?
15
Suppose -2*q = 2*b - 4*q - 14, 5*q = -25. Let j = 53 - 47. What is the highest common divisor of j and b?
2
Suppose 4*t + 25 = g, -3*t = t + 8. What is the greatest common factor of g and 136?
17
Let z = 85 - 49. Calculate the greatest common factor of 36 and z.
36
Suppose -3*n = -3*m - 2*m + 55, 2*m - n - 23 = 0. Let c = m + 1. Suppose 4*z - 23 = 37. What is the highest common divisor of c and z?
15
Suppose -3*a = 2*l - 12, l + a - 8 = -a. Let d be (1/(-4) + l)*-4. Let c be (-6)/((-6)/8*d). Calculate the greatest common factor of 8 and c.
8
Suppose 1 = -k + 4. Suppose k*x + 2*y = -3*y - 451, 5*x - 3*y + 695 = 0. Let j = x + 226. What is the greatest common divisor of j and 14?
14
Let i be 15*((-7)/35)/(1/(-4)). What is the highest common factor of i and 16?
4
Let n = -94 + 124. What is the highest common divisor of n and 2?
2
Let p be -2 + 2 + (75 - 0). Let s(q) = 2*q**2 - q. Let m be s(3). What is the highest common factor of p and m?
15
Let l = -79 + 194. Calculate the highest common factor of l and 46.
23
Let o be -44*(-5 + 27/6). What is the highest common divisor of o and 44?
22
Suppose -4*i = -4 - 4. Let m(y) = y - 3*y - 5*y + i*y. Let r be m(-11). What is the highest common divisor of 11 and r?
11
Let i be 1/(-2 + -1 + 2). Let k be 48 - -1*(i - -3). Suppose -10 = -n - 0*n - 3*g, -n + 3*g = -10. Calculate the highest common divisor of k and n.
10
Suppose q - 4 = 0, -3*j - 2*q + 199 = -61. Calculate the highest common factor of j and 12.
12
Let f be (28 + 0)/(-4)*-1. Calculate the greatest common factor of f and 63.
7
Let y(q) = -2*q + 1. Let u be y(-4). What is the highest common divisor of u and 45?
9
Suppose 4*h = w - 2, 2*h - 3 - 1 = -2*w. Let u be 5 + (-1)/3*0. Let l be 5/w*(u + -3). What is the highest common factor of l and 35?
5
Let k = 1 + 8. Let o be 14/(-2)*k*-1. Calculate the highest common divisor of o and 7.
7
Let z = -30 + 102. Calculate the greatest common factor of 8 and z.
8
Let z(y) = -y**3 - 6*y**2 + 5*y - 3. Let d = -4 + 8. Suppose 0 = -d*m - 28. Let i be z(m). What is the greatest common factor of 77 and i?
11
Let i(w) = w**3 - w**2 - w + 3. Let q be i(3). Calculate the greatest common factor of 12 and q.
6
Suppose -k - 2 = -4. Let w(a) = 10*a. Let u be w(k). What is the highest common divisor of 80 and u?
20
Let d = -3 - -7. Suppose 2*w = -3*w - 15, 5*x = d*w + 277. Suppose -6*a + a + x = m, 3*m + 2*a - 94 = 0. Calculate the highest common factor of 7 and m.
7
Let r be 0 + (4/(-2) - -5). Suppose 0*f + r*f = 3*d, 3*f = 5*d - 10. Calculate the greatest common factor of f and 25.
5
Let y be (-4)/(-12) + 11/3. Suppose -4*n + y*f + 36 = 0, 8*n + 3*f = 3*n + 45. Let d(i) = i + 18. Let h be d(0). What is the greatest common divisor of h and n?
9
Let q(g) be the first derivative of 2*g**2 - 2*g - 1. Let x be q(3). Let o be (27/(-2))/((-1)/x). Calculate the greatest common divisor of 15 and o.
15
Let o be 2/(2 - 515/260). Calculate the highest common factor of o and 26.
26
Let a(m) = m**3 - m**2 - 140. Let h be a(0). Let g be 2/(-9) - h/63. Calculate the greatest common divisor of g and 2.
2
Let m = 122 - 41. Suppose -2*a - a = -h + 20, 0 = 5*h + 4*a - m. Let w = 213 + -145. What is the highest common factor of w and h?
17
Let p(k) = -k**2 - 8*k + 8. Let d be p(-6). Suppose v + 136 = 2*w + 3*v, -2*w + 136 = -5*v. Let t = w + -38. What is the highest common factor of d and t?
10
Let v(l) = l**3 - 3*l**2 - 6*l - 10. Let a(k) = k**2 - 1. Let s(o) = 2*a(o) - v(o). Let x be s(6). Calculate the greatest common factor of 1 and x.
1
Let g(d) = -5*d + 3. Let w be g(-5). Let r(j) = -j**3 - 8*j**2. Let m be r(-7). Let t = 91 + m. Calculate the greatest common divisor of w and t.
14
Let w be (-496)/(-40) - 4/10. Suppose -4*k + 4*g + 4 = -2*k, 0 = 5*k - 2*g + 6. Let n be (-73)/k + 6/(-12). What is the highest common divisor of w and n?
12
Let s(r) = -39*r + 1. Let i be s(-1). What is the greatest common divisor of i and 4?
4
Suppose 0 = -2*w - w + 15. Let j(s) = s**2 - 2*s. Let v be j(w). Calculate the highest common divisor of 15 and v.
15
Suppose -2*r - 600 = -2*g, 3*r + 2*r + 2*g + 1465 = 0. Let n = -143 - r. Calculate the greatest common divisor of 19 and n.
19
Let t = 114 + -39. Calculate the highest common factor of 30 and t.
15
Suppose 0 = q - 20 - 5. Suppose -2*c + 4 = -6. Suppose 0 = 4*u + 5*a - 22, -c*u + q = 3*a - 9. Calculate the greatest common factor of 16 and u.
8
Let c(n) = n**3 - 8*n**2 + 7*n + 6. Let i be c(7). What is the highest common divisor of 42 and i?
6
Let b = -23 + 27. Calculate the highest common factor of b and 4.
4
Suppose 14*z + 60 = 17*z. Calculate the greatest common divisor of z and 4.
4
Suppose 2*u = 31 + 121. Let b = 52 - 109. Let w be (b/3)/(0 - 1). What is the highest common divisor of u and w?
19
Let m(p) = -15*p - 4. Let x be m(-6). Suppose -5*t - 4 = -14. Suppose a + 4*a + i - 203 = 0, -2*a - t*i + x = 0. What is the greatest common factor of 16 and a?
8
Let h = 68 - 67. Let g be (-3 - 0)*(-14)/6. What is the highest common factor of g and h?
1
Let d be 5/(-2*(-3)/6). Let c = d + -4. Suppose 3*s - 4*f - c = -0*s, -s - 5*f = -32. What is the highest common factor of 14 and s?
7
Let b(k) = k**2 - k. Let y be b(-2). What is the highest common factor of 42 and y?
6
Suppose -2*m = -2*l + 50, -54 = -3*l - 4*m + 49. Calculate the greatest common factor of l and 116.
29
Let o be 7/((-21)/(-60)) - 2. Suppose -v + o = v. Let h be ((-12)/v)/(1/(-9)). Calculate the greatest common factor of h and 6.
6
Let p = -76 - -107. Calculate the greatest common factor of p and 31.
31
Let y be (-64)/(-3) + (-2)/6. Let c be ((-1)/(-3) + 0)*y. Let j(p) = p - 2. Let x be j(c). Calculate the greatest common divisor of 2 and x.
1
Let g = 6 + -6. Let l be 1 - (g/2 - 1). Let r be 2